Is 20832 a multiple of 217?
True
Is 2050528 a multiple of 16?
True
Is 18 a factor of 195768?
True
Does 12 divide 1675476?
True
Is 7 a factor of 1279837?
False
Does 49 divide 2550548?
True
Does 96 divide 7475624?
False
Does 1388 divide 4963683?
False
Does 278 divide 5073454?
False
Does 68 divide 128211?
False
Is 7496801 a multiple of 97?
False
Does 4 divide 615848?
True
Does 3 divide 3800770?
False
Is 323027 a multiple of 10?
False
Does 6 divide 1429734?
True
Is 38 a factor of 46968?
True
Does 9 divide 18394?
False
Does 507 divide 2190360?
False
Is 42 a factor of 144907?
False
Does 94 divide 105610?
False
Does 169 divide 139452?
False
Does 8 divide 118581?
False
Is 52 a factor of 67796?
False
Is 620 a factor of 3727692?
False
Does 54 divide 17935?
False
Is 216000 a multiple of 2?
True
Does 209 divide 18392?
True
Does 39 divide 150462?
True
Is 314 a factor of 2219931?
False
Is 375596 a multiple of 233?
True
Is 9 a factor of 723825?
True
Is 170 a factor of 98936?
False
Is 16996 a multiple of 28?
True
Is 374028 a multiple of 142?
True
Does 4 divide 38348?
True
Does 10 divide 334722?
False
Is 373122 a multiple of 13?
False
Is 368130 a multiple of 27?
False
Does 15 divide 43725?
True
Is 591283 a multiple of 201?
False
Does 63 divide 3455402?
False
Is 27 a factor of 393485?
False
Does 81 divide 1416651?
False
Is 1364696 a multiple of 14?
False
Is 310720 a multiple of 100?
False
Is 36005 a multiple of 19?
True
Does 15 divide 18255?
True
Is 63 a factor of 61236?
True
Is 11 a factor of 26530?
False
Is 9 a factor of 2524592?
False
Is 10 a factor of 382650?
True
Is 4537371 a multiple of 579?
False
Does 3 divide 83104?
False
Is 391163 a multiple of 9?
False
Is 687728 a multiple of 33?
False
Does 22 divide 1788420?
False
Does 13 divide 469586?
True
Does 3 divide 212323?
False
Does 349 divide 2587486?
True
Does 20 divide 119320?
True
Is 25966654 a multiple of 217?
True
Is 236000 a multiple of 125?
True
Is 23835516 a multiple of 25?
False
Is 23 a factor of 211696?
False
Does 19 divide 356839?
True
Is 43959 a multiple of 51?
False
Is 167 a factor of 2425341?
True
Is 316350 a multiple of 19?
True
Is 41 a factor of 1903613?
False
Is 33 a factor of 1498794?
True
Is 48769 a multiple of 26?
False
Is 41 a factor of 1504044?
True
Does 24 divide 338663?
False
Does 468 divide 93132?
True
Is 558808 a multiple of 184?
True
Is 18 a factor of 240436?
False
Is 3365841 a multiple of 121?
False
Is 278 a factor of 229151?
False
Is 8 a factor of 134193?
False
Does 529 divide 10980453?
True
Is 2 a factor of 1043?
False
Does 32 divide 36249?
False
Does 66 divide 905190?
True
Does 40 divide 292680?
True
Is 5094 a multiple of 4?
False
Does 12 divide 179397?
False
Is 126 a factor of 606186?
True
Is 37621928 a multiple of 82?
True
Does 231 divide 2508766?
False
Does 91 divide 1137607?
False
Does 101 divide 7042730?
True
Does 37 divide 131706?
False
Is 199988 a multiple of 38?
False
Is 386685 a multiple of 19?
False
Does 35 divide 1826434?
False
Is 18 a factor of 186429?
False
Does 520 divide 92040?
True
Does 16 divide 50928?
True
Is 18 a factor of 18882?
True
Is 241 a factor of 1545533?
True
Is 8422707 a multiple of 430?
False
Is 613 a factor of 220292?
False
Is 1098428 a multiple of 62?
False
Is 3275784 a multiple of 16?
False
Is 125 a factor of 358375?
True
Does 122 divide 16546982?
True
Is 6 a factor of 3301359?
False
Is 291 a factor of 3096?
False
Is 14 a factor of 26054912?
False
Is 373 a factor of 178667?
True
Is 34944 a multiple of 168?
True
Is 6 a factor of 58219?
False
Is 32153 a multiple of 3?
False
Is 762244 a multiple of 49?
True
Is 2 a factor of 4045416?
True
Does 330 divide 690030?
True
Does 5 divide 265010?
True
Is 243 a factor of 817452?
True
Does 101 divide 140389?
False
Is 159 a factor of 305280?
True
Is 38 a factor of 1118682?
True
Does 38 divide 4826?
True
Does 5 divide 26685?
True
Is 29 a factor of 25839?
True
Is 7 a factor of 34118?
True
Is 18 a factor of 384660?
True
Is 184581 a multiple of 25?
False
Is 104518 a multiple of 76?
False
Does 823 divide 2198478?
False
Does 909 divide 76500?
False
Does 14 divide 126496?
False
Is 918997 a multiple of 73?
True
Is 2000713 a multiple of 17?
True
Does 22 divide 400945?
False
Does 13 divide 117086?
False
Is 107 a factor of 151190?
False
Is 74 a factor of 14134?
True
Does 99 divide 38396?
False
Is 102212 a multiple of 179?
False
Is 5930796 a multiple of 742?
False
Does 27 divide 12711654?
True
Does 1442 divide 6532260?
True
Does 5 divide 13860?
True
Does 13 divide 1477320?
True
Is 727 a factor of 567787?
True
Does 3 divide 2967905?
False
Is 100 a factor of 4153247?
False
Is 934386 a multiple of 7?
False
Is 10 a factor of 85050?
True
Is 1122 a factor of 15082009?
False
Is 30 a factor of 4075869?
False
Does 149 divide 5225579?
True
Is 62 a factor of 8990?
True
Is 137363 even?
False
Is 127 a factor of 519430?
True
Is 1329762 a multiple of 9?
False
Is 142320 a multiple of 6?
True
Is 764 a factor of 144396?
True
Does 7 divide 601174?
True
Is 15 a factor of 3519945?
True
Is 70980 a multiple of 99?
False
Is 40 a factor of 227739?
False
Does 12 divide 810060?
True
Is 297 a factor of 13662?
True
Is 21 a factor of 291735?
False
Does 13 divide 8216?
True
Is 8569345 a multiple of 7?
False
Is 3 a factor of 74634?
True
Is 6706110 a multiple of 690?
True
Is 103628 a multiple of 42?
False
Is 4802137 a multiple of 15?
False
Does 48 divide 298896?
True
Is 9631653 a multiple of 143?
False
Is 215816 a multiple of 212?
True
Is 253 a factor of 1821158?
False
Does 248 divide 1263261?
False
Is 37 a factor of 95238?
True
Does 17 divide 249991?
False
Is 376 a factor of 1020417?
False
Does 106 divide 10662752?
True
Is 1452 a factor of 185856?
True
Does 15 divide 844020?
True
Does 4 divide 39755?
False
Is 9 a factor of 2158740?
True
Is 140 a factor of 512729?
False
Is 21895935 a multiple of 201?
True
Is 171 a factor of 311147?
False
Is 283530 a multiple of 65?
True
Is 39 a factor of 3552198?
True
Does 12 divide 2004849?
False
Does 2 divide 3334?
True
Is 15 a factor of 9122898?
False
Does 404 divide 233916?
True
Is 1930432 a multiple of 973?
True
Is 37400 a multiple of 50?
True
Is 2164710 a multiple of 8?
False
Is 3584532 a multiple of 49?
False
Does 13 divide 198472?
False
Is 96214 a multiple of 26?
False
Does 8 divide 7977281?
False
Is 43476 a multiple of 16?
False
Is 173979 a multiple of 12?
False
Is 363 a factor of 399815?
False
Is 209341 a multiple of 384?
False
Is 57 a factor of 6492565?
False
Does 7 divide 437766?
True
Is 141 a factor of 25415660?
False
Does 325 divide 2760696?
False
Does 6 divide 9519?
False
Is 4641022 a multiple of 91?
False
Does 19 divide 154916?
False
Does 339 divide 26103?
True
Does 449 divide 717502?
True
Is 106781 a multiple of 14?
False
Is 9 a factor of 1796604?
False
Is 224026 a multiple of 18?
False
Is 219394 a multiple of 14?
True
Does 11 divide 136345?
True
Does 142 divide 83922?
True
Does 6 divide 144174?
True
Is 20 a factor of 27399?
False
Is 339 a factor of 723765?
True
Is 102157 a multiple of 64?
False
Is 153 a factor of 757597?
False
Does 214 divide 1746088?
False
Is 42775 a multiple of 25?
True
Is 50595 a multiple of 4?
False
Is 9740844 a multiple of 1269?
True
Does 9 divide 224001?
True
Is 585231 a multiple of 101?
False
Is 296504 a multiple of 52?
True
Is 5323713 a multiple of 36?
False
Does 13 divide 12519?
True
Is 11 a factor of 1431590?
False
Is 169 a factor of 7214441?
True
Does 271 divide 210118?
False
Does 27 divide 493559?
False
Is 7 a factor of 442925?
True
Is 357 a factor of 5395855?
False
Does 5 divide 2779?
False
Is 31320 a multiple of 36?
True
Is 641840 a multiple of 10?
True
Is 332 a factor of 1064060?
True
Does 15 divide 624750?
True
Is 482328 a multiple of 126?
True
Is 198100 a multiple of 566?
True
Is 924225 a multiple of 191?
False
Is 68 a factor of 114769?
False
Is 211 a factor of 424611?
False
Is 6 a factor of 3903923?
False
Is 39 a factor of 557224?
False
Is 4 a factor of 748532?
True
Is 12 a factor of 98076?
True
Is 41 a factor of 376607?
False
Is 477803 a multiple of 30?
False
Is 79 a factor of 65965?
True
Is 279528 a multiple of 152?
True
Is 105 a factor of 615090?
True
Is 6402 a multiple of 3?
True
Is 2307024 a multiple of 1332?
True
Is 30 a factor of 697794?
False
Is 146 a facto